{"id":60,"date":"2023-06-29T17:11:19","date_gmt":"2023-06-29T17:11:19","guid":{"rendered":"https:\/\/gestionsostenible.cl\/?page_id=60"},"modified":"2025-04-23T15:11:26","modified_gmt":"2025-04-23T15:11:26","slug":"quienes-somos_equipo","status":"publish","type":"page","link":"https:\/\/gestionsostenible.cl\/index.php\/quienes-somos_equipo\/","title":{"rendered":"Quienes somos_equipo"},"content":{"rendered":"\t\t<div data-elementor-type=\"wp-page\" data-elementor-id=\"60\" class=\"elementor elementor-60\">\n\t\t\t\t\t\t\t\t\t<section class=\"elementor-section elementor-top-section elementor-element elementor-element-1d51556 elementor-section-full_width elementor-section-height-default elementor-section-height-default\" data-id=\"1d51556\" data-element_type=\"section\">\n\t\t\t\t\t\t<div class=\"elementor-container elementor-column-gap-default\">\n\t\t\t\t\t<div class=\"elementor-column elementor-col-100 elementor-top-column elementor-element elementor-element-bc5bacd\" data-id=\"bc5bacd\" data-element_type=\"column\">\n\t\t\t<div class=\"elementor-widget-wrap elementor-element-populated\">\n\t\t\t\t\t\t\t\t<section class=\"elementor-section elementor-inner-section elementor-element elementor-element-8ebde98 elementor-section-boxed elementor-section-height-default elementor-section-height-default\" data-id=\"8ebde98\" data-element_type=\"section\" data-settings=\"{&quot;background_background&quot;:&quot;classic&quot;}\">\n\t\t\t\t\t\t<div class=\"elementor-container elementor-column-gap-default\">\n\t\t\t\t\t<div class=\"elementor-column elementor-col-100 elementor-inner-column elementor-element elementor-element-4144e9f\" data-id=\"4144e9f\" data-element_type=\"column\">\n\t\t\t<div class=\"elementor-widget-wrap elementor-element-populated\">\n\t\t\t\t\t\t\t\t<div class=\"elementor-element elementor-element-926644a animated-fast elementor-invisible elementor-widget elementor-widget-heading\" data-id=\"926644a\" data-element_type=\"widget\" data-settings=\"{&quot;_animation&quot;:&quot;zoomIn&quot;}\" data-widget_type=\"heading.default\">\n\t\t\t\t<div class=\"elementor-widget-container\">\n\t\t\t<style>\/*! elementor - v3.14.0 - 26-06-2023 *\/\n.elementor-heading-title{padding:0;margin:0;line-height:1}.elementor-widget-heading .elementor-heading-title[class*=elementor-size-]>a{color:inherit;font-size:inherit;line-height:inherit}.elementor-widget-heading .elementor-heading-title.elementor-size-small{font-size:15px}.elementor-widget-heading .elementor-heading-title.elementor-size-medium{font-size:19px}.elementor-widget-heading .elementor-heading-title.elementor-size-large{font-size:29px}.elementor-widget-heading .elementor-heading-title.elementor-size-xl{font-size:39px}.elementor-widget-heading .elementor-heading-title.elementor-size-xxl{font-size:59px}<\/style><h2 class=\"elementor-heading-title elementor-size-default\">QUIENES SOMOS<\/h2>\t\t<\/div>\n\t\t\t\t<\/div>\n\t\t\t\t\t<\/div>\n\t\t<\/div>\n\t\t\t\t\t\t\t<\/div>\n\t\t<\/section>\n\t\t\t\t<div class=\"elementor-element elementor-element-f836826 elementor-widget elementor-widget-heading\" data-id=\"f836826\" data-element_type=\"widget\" data-widget_type=\"heading.default\">\n\t\t\t\t<div class=\"elementor-widget-container\">\n\t\t\t<h2 class=\"elementor-heading-title elementor-size-default\">Equipo<\/h2>\t\t<\/div>\n\t\t\t\t<\/div>\n\t\t\t\t<section class=\"elementor-section elementor-inner-section elementor-element elementor-element-f6b156e elementor-section-boxed elementor-section-height-default elementor-section-height-default\" data-id=\"f6b156e\" data-element_type=\"section\">\n\t\t\t\t\t\t<div class=\"elementor-container elementor-column-gap-default\">\n\t\t\t\t\t<div class=\"elementor-column elementor-col-25 elementor-inner-column elementor-element elementor-element-d1cad19\" data-id=\"d1cad19\" data-element_type=\"column\">\n\t\t\t<div class=\"elementor-widget-wrap elementor-element-populated\">\n\t\t\t\t\t\t\t\t<div class=\"elementor-element elementor-element-865e422 animated-fast elementor-invisible elementor-widget elementor-widget-image\" data-id=\"865e422\" data-element_type=\"widget\" data-settings=\"{&quot;_animation&quot;:&quot;zoomIn&quot;}\" data-widget_type=\"image.default\">\n\t\t\t\t<div class=\"elementor-widget-container\">\n\t\t\t<style>\/*! elementor - v3.14.0 - 26-06-2023 *\/\n.elementor-widget-image{text-align:center}.elementor-widget-image a{display:inline-block}.elementor-widget-image a img[src$=\".svg\"]{width:48px}.elementor-widget-image img{vertical-align:middle;display:inline-block}<\/style>\t\t\t\t\t\t\t\t\t\t\t\t<img loading=\"lazy\" decoding=\"async\" width=\"128\" height=\"128\" src=\"https:\/\/gestionsostenible.cl\/wp-content\/uploads\/2023\/06\/equipo-pa.png\" class=\"attachment-large size-large wp-image-147\" alt=\"\" \/>\t\t\t\t\t\t\t\t\t\t\t\t\t\t\t<\/div>\n\t\t\t\t<\/div>\n\t\t\t\t<div class=\"elementor-element elementor-element-06f666a animated-fast elementor-invisible elementor-widget elementor-widget-heading\" data-id=\"06f666a\" data-element_type=\"widget\" data-settings=\"{&quot;_animation&quot;:&quot;bounceIn&quot;}\" data-widget_type=\"heading.default\">\n\t\t\t\t<div class=\"elementor-widget-container\">\n\t\t\t<h2 class=\"elementor-heading-title elementor-size-default\">Pedro Ampuero<\/h2>\t\t<\/div>\n\t\t\t\t<\/div>\n\t\t\t\t<div class=\"elementor-element elementor-element-459e6fc animated-fast elementor-invisible elementor-widget elementor-widget-text-editor\" data-id=\"459e6fc\" data-element_type=\"widget\" data-settings=\"{&quot;_animation&quot;:&quot;bounceInRight&quot;}\" data-widget_type=\"text-editor.default\">\n\t\t\t\t<div class=\"elementor-widget-container\">\n\t\t\t<style>\/*! elementor - v3.14.0 - 26-06-2023 *\/\n.elementor-widget-text-editor.elementor-drop-cap-view-stacked .elementor-drop-cap{background-color:#69727d;color:#fff}.elementor-widget-text-editor.elementor-drop-cap-view-framed .elementor-drop-cap{color:#69727d;border:3px solid;background-color:transparent}.elementor-widget-text-editor:not(.elementor-drop-cap-view-default) .elementor-drop-cap{margin-top:8px}.elementor-widget-text-editor:not(.elementor-drop-cap-view-default) .elementor-drop-cap-letter{width:1em;height:1em}.elementor-widget-text-editor .elementor-drop-cap{float:left;text-align:center;line-height:1;font-size:50px}.elementor-widget-text-editor .elementor-drop-cap-letter{display:inline-block}<\/style>\t\t\t\t<p style=\"line-height: 16.5pt; background: white; margin: 0cm 0cm 7.5pt; text-align: left;\">Ingeniero Comercial Universidad Austral de Chile, con a\u00f1os de experiencia en Gesti\u00f3n Estrat\u00e9gica y Finanzas en el sector p\u00fablico y en el sector privado, actualmente Magister en Pol\u00edticas Publicas de la Facultad de Econom\u00eda y Negocios de la Universidad de Chile.<\/p>\t\t\t\t\t\t<\/div>\n\t\t\t\t<\/div>\n\t\t\t\t\t<\/div>\n\t\t<\/div>\n\t\t\t\t<div class=\"elementor-column elementor-col-25 elementor-inner-column elementor-element elementor-element-e4a5ea6\" data-id=\"e4a5ea6\" data-element_type=\"column\">\n\t\t\t<div class=\"elementor-widget-wrap elementor-element-populated\">\n\t\t\t\t\t\t\t\t<div class=\"elementor-element elementor-element-315cd57 animated-fast elementor-invisible elementor-widget elementor-widget-image\" data-id=\"315cd57\" data-element_type=\"widget\" data-settings=\"{&quot;_animation&quot;:&quot;zoomIn&quot;}\" data-widget_type=\"image.default\">\n\t\t\t\t<div class=\"elementor-widget-container\">\n\t\t\t\t\t\t\t\t\t\t\t\t\t\t\t<img loading=\"lazy\" decoding=\"async\" width=\"469\" height=\"469\" src=\"https:\/\/gestionsostenible.cl\/wp-content\/uploads\/2025\/04\/kj.png\" class=\"attachment-large size-large wp-image-1144\" alt=\"\" srcset=\"https:\/\/gestionsostenible.cl\/wp-content\/uploads\/2025\/04\/kj.png 469w, https:\/\/gestionsostenible.cl\/wp-content\/uploads\/2025\/04\/kj-300x300.png 300w, https:\/\/gestionsostenible.cl\/wp-content\/uploads\/2025\/04\/kj-150x150.png 150w\" sizes=\"auto, (max-width: 469px) 100vw, 469px\" \/>\t\t\t\t\t\t\t\t\t\t\t\t\t\t\t<\/div>\n\t\t\t\t<\/div>\n\t\t\t\t<div class=\"elementor-element elementor-element-a1df0ce animated-fast elementor-invisible elementor-widget elementor-widget-heading\" data-id=\"a1df0ce\" data-element_type=\"widget\" data-settings=\"{&quot;_animation&quot;:&quot;bounceIn&quot;}\" data-widget_type=\"heading.default\">\n\t\t\t\t<div class=\"elementor-widget-container\">\n\t\t\t<h2 class=\"elementor-heading-title elementor-size-default\">Manuel Acevedo<\/h2>\t\t<\/div>\n\t\t\t\t<\/div>\n\t\t\t\t<div class=\"elementor-element elementor-element-1e7f431 animated-fast elementor-invisible elementor-widget elementor-widget-text-editor\" data-id=\"1e7f431\" data-element_type=\"widget\" data-settings=\"{&quot;_animation&quot;:&quot;bounceInLeft&quot;}\" data-widget_type=\"text-editor.default\">\n\t\t\t\t<div class=\"elementor-widget-container\">\n\t\t\t\t\t\t\t<p>Administrador P\u00fablico de la Universidad Central de Chile, con Diplomados en Gesti\u00f3n de Abastecimiento de la Pontificia Universidad Cat\u00f3lica de Valpara\u00edso; Gobierno y Gerencia P\u00fablica de la Universidad de Chile, y Docencia para la Educaci\u00f3n Superior de la Universidad Central. Posee un Mag\u00edster en Gobierno y Gerencia P\u00fablica de la Universidad de Chile y un M\u00e1ster en Gesti\u00f3n Educacional del IEDE \u2013 Universidad Europea de Madrid. Se ha desempe\u00f1ado en el sector p\u00fablico y privado durante los \u00faltimos 24 a\u00f1os, ocupando cargos directivos de alta responsabilidad.<\/p>\t\t\t\t\t\t<\/div>\n\t\t\t\t<\/div>\n\t\t\t\t\t<\/div>\n\t\t<\/div>\n\t\t\t\t<div class=\"elementor-column elementor-col-25 elementor-inner-column elementor-element elementor-element-27190f1\" data-id=\"27190f1\" data-element_type=\"column\">\n\t\t\t<div class=\"elementor-widget-wrap elementor-element-populated\">\n\t\t\t\t\t\t\t\t<div class=\"elementor-element elementor-element-82c0eda animated-fast elementor-invisible elementor-widget elementor-widget-image\" data-id=\"82c0eda\" data-element_type=\"widget\" data-settings=\"{&quot;_animation&quot;:&quot;zoomIn&quot;}\" data-widget_type=\"image.default\">\n\t\t\t\t<div class=\"elementor-widget-container\">\n\t\t\t\t\t\t\t\t\t\t\t\t\t\t\t<img loading=\"lazy\" decoding=\"async\" width=\"547\" height=\"547\" src=\"https:\/\/gestionsostenible.cl\/wp-content\/uploads\/2025\/04\/JC_-1.png\" class=\"attachment-large size-large wp-image-1221\" alt=\"\" srcset=\"https:\/\/gestionsostenible.cl\/wp-content\/uploads\/2025\/04\/JC_-1.png 547w, https:\/\/gestionsostenible.cl\/wp-content\/uploads\/2025\/04\/JC_-1-300x300.png 300w, https:\/\/gestionsostenible.cl\/wp-content\/uploads\/2025\/04\/JC_-1-150x150.png 150w\" sizes=\"auto, (max-width: 547px) 100vw, 547px\" \/>\t\t\t\t\t\t\t\t\t\t\t\t\t\t\t<\/div>\n\t\t\t\t<\/div>\n\t\t\t\t<div class=\"elementor-element elementor-element-a75c420 animated-fast elementor-invisible elementor-widget elementor-widget-heading\" data-id=\"a75c420\" data-element_type=\"widget\" data-settings=\"{&quot;_animation&quot;:&quot;bounceIn&quot;}\" data-widget_type=\"heading.default\">\n\t\t\t\t<div class=\"elementor-widget-container\">\n\t\t\t<h2 class=\"elementor-heading-title elementor-size-default\">Javier Contreras<\/h2>\t\t<\/div>\n\t\t\t\t<\/div>\n\t\t\t\t<div class=\"elementor-element elementor-element-517700e animated-fast elementor-invisible elementor-widget elementor-widget-text-editor\" data-id=\"517700e\" data-element_type=\"widget\" data-settings=\"{&quot;_animation&quot;:&quot;bounceInLeft&quot;}\" data-widget_type=\"text-editor.default\">\n\t\t\t\t<div class=\"elementor-widget-container\">\n\t\t\t\t\t\t\t<p>Ingeniero Agr\u00f3nomo Universidad Cat\u00f3lica, Master of Arts in Economics Georgetown University, Mag\u00edster en Econom\u00eda en Ilades Universidad Alberto Hurtado. Acad\u00e9mico UAH, Investigador UC, BID, UAH.<\/p><p>Especialista en An\u00e1lisis Estad\u00edstico, Econom\u00eda, Econom\u00eda Ambiental.<\/p>\t\t\t\t\t\t<\/div>\n\t\t\t\t<\/div>\n\t\t\t\t\t<\/div>\n\t\t<\/div>\n\t\t\t\t<div class=\"elementor-column elementor-col-25 elementor-inner-column elementor-element elementor-element-655975e\" data-id=\"655975e\" data-element_type=\"column\">\n\t\t\t<div class=\"elementor-widget-wrap elementor-element-populated\">\n\t\t\t\t\t\t\t\t<div class=\"elementor-element elementor-element-ec75ae3 animated-fast elementor-invisible elementor-widget elementor-widget-image\" data-id=\"ec75ae3\" data-element_type=\"widget\" data-settings=\"{&quot;_animation&quot;:&quot;zoomIn&quot;}\" data-widget_type=\"image.default\">\n\t\t\t\t<div class=\"elementor-widget-container\">\n\t\t\t\t\t\t\t\t\t\t\t\t\t\t\t<img loading=\"lazy\" decoding=\"async\" width=\"565\" height=\"565\" src=\"https:\/\/gestionsostenible.cl\/wp-content\/uploads\/2023\/07\/victor-leon.png\" class=\"attachment-large size-large wp-image-834\" alt=\"\" srcset=\"https:\/\/gestionsostenible.cl\/wp-content\/uploads\/2023\/07\/victor-leon.png 565w, https:\/\/gestionsostenible.cl\/wp-content\/uploads\/2023\/07\/victor-leon-300x300.png 300w, https:\/\/gestionsostenible.cl\/wp-content\/uploads\/2023\/07\/victor-leon-150x150.png 150w\" sizes=\"auto, (max-width: 565px) 100vw, 565px\" \/>\t\t\t\t\t\t\t\t\t\t\t\t\t\t\t<\/div>\n\t\t\t\t<\/div>\n\t\t\t\t<div class=\"elementor-element elementor-element-b9bf32f animated-fast elementor-invisible elementor-widget elementor-widget-heading\" data-id=\"b9bf32f\" data-element_type=\"widget\" data-settings=\"{&quot;_animation&quot;:&quot;bounceIn&quot;}\" data-widget_type=\"heading.default\">\n\t\t\t\t<div class=\"elementor-widget-container\">\n\t\t\t<h2 class=\"elementor-heading-title elementor-size-default\">Victor Le\u00f3n<\/h2>\t\t<\/div>\n\t\t\t\t<\/div>\n\t\t\t\t<div class=\"elementor-element elementor-element-15292c1 animated-fast elementor-invisible elementor-widget elementor-widget-text-editor\" data-id=\"15292c1\" data-element_type=\"widget\" data-settings=\"{&quot;_animation&quot;:&quot;bounceInRight&quot;}\" data-widget_type=\"text-editor.default\">\n\t\t\t\t<div class=\"elementor-widget-container\">\n\t\t\t\t\t\t\t<p>Ingeniero Civil Industrial, MBA y Doctor en Econom\u00eda y Gesti\u00f3n Empresarial por la Universidad de Alcal\u00e1, MBA, biling\u00fce (ingl\u00e9s\/espa\u00f1ol), con certificaciones especializadas en gesti\u00f3n de proyectos, PMP y Prince2.<\/p><p>Especialista en temas de Tecnolog\u00eda, Sustentabilidad y Gesti\u00f3n del Cambio. Cuenta con experiencia en gesti\u00f3n p\u00fablica en los ministerios de Econom\u00eda, Miner\u00eda y Trabajo; gesti\u00f3n y docencia universitaria; y consultor\u00eda especializada en proyectos de tecnolog\u00eda y sistemas aplicada al sector minero y agroindustrial, que incluyen proyectos realizados con equipos en Reino Unido, Canad\u00e1, Espa\u00f1a, Italia, Luxemburgo, India, Sud\u00e1frica y Brasil<\/p>\t\t\t\t\t\t<\/div>\n\t\t\t\t<\/div>\n\t\t\t\t\t<\/div>\n\t\t<\/div>\n\t\t\t\t\t\t\t<\/div>\n\t\t<\/section>\n\t\t\t\t\t<\/div>\n\t\t<\/div>\n\t\t\t\t\t\t\t<\/div>\n\t\t<\/section>\n\t\t\t\t\t\t\t<\/div>\n\t\t","protected":false},"excerpt":{"rendered":"<p>QUIENES SOMOS Equipo Pedro Ampuero Ingeniero Comercial Universidad Austral de Chile, con a\u00f1os de experiencia en Gesti\u00f3n Estrat\u00e9gica y Finanzas en el sector p\u00fablico y en el sector privado, actualmente Magister en Pol\u00edticas Publicas de la Facultad de Econom\u00eda y Negocios de la Universidad de Chile. Manuel Acevedo Administrador P\u00fablico de la Universidad Central de [&hellip;]<\/p>\n","protected":false},"author":1,"featured_media":0,"parent":0,"menu_order":0,"comment_status":"closed","ping_status":"closed","template":"","meta":{"site-sidebar-layout":"no-sidebar","site-content-layout":"page-builder","ast-site-content-layout":"","site-content-style":"default","site-sidebar-style":"default","ast-global-header-display":"","ast-banner-title-visibility":"","ast-main-header-display":"","ast-hfb-above-header-display":"","ast-hfb-below-header-display":"","ast-hfb-mobile-header-display":"","site-post-title":"disabled","ast-breadcrumbs-content":"","ast-featured-img":"disabled","footer-sml-layout":"","theme-transparent-header-meta":"","adv-header-id-meta":"","stick-header-meta":"","header-above-stick-meta":"","header-main-stick-meta":"","header-below-stick-meta":"","astra-migrate-meta-layouts":"default","ast-page-background-enabled":"default","ast-page-background-meta":{"desktop":{"background-color":"var(--ast-global-color-4)","background-image":"","background-repeat":"repeat","background-position":"center center","background-size":"auto","background-attachment":"scroll","background-type":"","background-media":"","overlay-type":"","overlay-color":"","overlay-opacity":"","overlay-gradient":""},"tablet":{"background-color":"","background-image":"","background-repeat":"repeat","background-position":"center center","background-size":"auto","background-attachment":"scroll","background-type":"","background-media":"","overlay-type":"","overlay-color":"","overlay-opacity":"","overlay-gradient":""},"mobile":{"background-color":"","background-image":"","background-repeat":"repeat","background-position":"center center","background-size":"auto","background-attachment":"scroll","background-type":"","background-media":"","overlay-type":"","overlay-color":"","overlay-opacity":"","overlay-gradient":""}},"ast-content-background-meta":{"desktop":{"background-color":"var(--ast-global-color-5)","background-image":"","background-repeat":"repeat","background-position":"center center","background-size":"auto","background-attachment":"scroll","background-type":"","background-media":"","overlay-type":"","overlay-color":"","overlay-opacity":"","overlay-gradient":""},"tablet":{"background-color":"var(--ast-global-color-5)","background-image":"","background-repeat":"repeat","background-position":"center center","background-size":"auto","background-attachment":"scroll","background-type":"","background-media":"","overlay-type":"","overlay-color":"","overlay-opacity":"","overlay-gradient":""},"mobile":{"background-color":"var(--ast-global-color-5)","background-image":"","background-repeat":"repeat","background-position":"center center","background-size":"auto","background-attachment":"scroll","background-type":"","background-media":"","overlay-type":"","overlay-color":"","overlay-opacity":"","overlay-gradient":""}},"footnotes":""},"class_list":["post-60","page","type-page","status-publish","hentry"],"yoast_head":"<!-- This site is optimized with the Yoast SEO plugin v20.12 - https:\/\/yoast.com\/wordpress\/plugins\/seo\/ -->\n<title>Quienes somos_equipo -<\/title>\n<meta name=\"robots\" content=\"index, follow, max-snippet:-1, max-image-preview:large, max-video-preview:-1\" \/>\n<link rel=\"canonical\" href=\"https:\/\/gestionsostenible.cl\/index.php\/quienes-somos_equipo\/\" \/>\n<meta property=\"og:locale\" content=\"es_ES\" \/>\n<meta property=\"og:type\" content=\"article\" \/>\n<meta property=\"og:title\" content=\"Quienes somos_equipo -\" \/>\n<meta property=\"og:description\" content=\"QUIENES SOMOS Equipo Pedro Ampuero Ingeniero Comercial Universidad Austral de Chile, con a\u00f1os de experiencia en Gesti\u00f3n Estrat\u00e9gica y Finanzas en el sector p\u00fablico y en el sector privado, actualmente Magister en Pol\u00edticas Publicas de la Facultad de Econom\u00eda y Negocios de la Universidad de Chile. Manuel Acevedo Administrador P\u00fablico de la Universidad Central de [&hellip;]\" \/>\n<meta property=\"og:url\" content=\"https:\/\/gestionsostenible.cl\/index.php\/quienes-somos_equipo\/\" \/>\n<meta property=\"article:publisher\" content=\"https:\/\/www.facebook.com\/Sosteniblelab\/\" \/>\n<meta property=\"article:modified_time\" content=\"2025-04-23T15:11:26+00:00\" \/>\n<meta property=\"og:image\" content=\"https:\/\/gestionsostenible.cl\/wp-content\/uploads\/2023\/06\/equipo-pa.png\" \/>\n<meta name=\"twitter:card\" content=\"summary_large_image\" \/>\n<meta name=\"twitter:label1\" content=\"Tiempo de lectura\" \/>\n\t<meta name=\"twitter:data1\" content=\"2 minutos\" \/>\n<script type=\"application\/ld+json\" class=\"yoast-schema-graph\">{\"@context\":\"https:\/\/schema.org\",\"@graph\":[{\"@type\":\"WebPage\",\"@id\":\"https:\/\/gestionsostenible.cl\/index.php\/quienes-somos_equipo\/\",\"url\":\"https:\/\/gestionsostenible.cl\/index.php\/quienes-somos_equipo\/\",\"name\":\"Quienes somos_equipo -\",\"isPartOf\":{\"@id\":\"https:\/\/gestionsostenible.cl\/#website\"},\"datePublished\":\"2023-06-29T17:11:19+00:00\",\"dateModified\":\"2025-04-23T15:11:26+00:00\",\"breadcrumb\":{\"@id\":\"https:\/\/gestionsostenible.cl\/index.php\/quienes-somos_equipo\/#breadcrumb\"},\"inLanguage\":\"es\",\"potentialAction\":[{\"@type\":\"ReadAction\",\"target\":[\"https:\/\/gestionsostenible.cl\/index.php\/quienes-somos_equipo\/\"]}]},{\"@type\":\"BreadcrumbList\",\"@id\":\"https:\/\/gestionsostenible.cl\/index.php\/quienes-somos_equipo\/#breadcrumb\",\"itemListElement\":[{\"@type\":\"ListItem\",\"position\":1,\"name\":\"Portada\",\"item\":\"https:\/\/gestionsostenible.cl\/\"},{\"@type\":\"ListItem\",\"position\":2,\"name\":\"Quienes somos_equipo\"}]},{\"@type\":\"WebSite\",\"@id\":\"https:\/\/gestionsostenible.cl\/#website\",\"url\":\"https:\/\/gestionsostenible.cl\/\",\"name\":\"Gesti\u00f3n Sostenible\",\"description\":\"Grupo de Ingenieros con experiencia en el mundo P\u00fablico, Industrial, Ambiental y de la Innovaci\u00f3n.\",\"publisher\":{\"@id\":\"https:\/\/gestionsostenible.cl\/#organization\"},\"potentialAction\":[{\"@type\":\"SearchAction\",\"target\":{\"@type\":\"EntryPoint\",\"urlTemplate\":\"https:\/\/gestionsostenible.cl\/?s={search_term_string}\"},\"query-input\":\"required name=search_term_string\"}],\"inLanguage\":\"es\"},{\"@type\":\"Organization\",\"@id\":\"https:\/\/gestionsostenible.cl\/#organization\",\"name\":\"Estrategias de Innovaci\u00f3n Ambiental y Social\",\"url\":\"https:\/\/gestionsostenible.cl\/\",\"logo\":{\"@type\":\"ImageObject\",\"inLanguage\":\"es\",\"@id\":\"https:\/\/gestionsostenible.cl\/#\/schema\/logo\/image\/\",\"url\":\"https:\/\/gestionsostenible.cl\/wp-content\/uploads\/2023\/06\/cropped-logo-01-1.png\",\"contentUrl\":\"https:\/\/gestionsostenible.cl\/wp-content\/uploads\/2023\/06\/cropped-logo-01-1.png\",\"width\":3999,\"height\":1255,\"caption\":\"Estrategias de Innovaci\u00f3n Ambiental y Social\"},\"image\":{\"@id\":\"https:\/\/gestionsostenible.cl\/#\/schema\/logo\/image\/\"},\"sameAs\":[\"https:\/\/www.facebook.com\/Sosteniblelab\/\",\"http:\/\/comunidadymedioambiente.blogspot.com\/\"]}]}<\/script>\n<!-- \/ Yoast SEO plugin. -->","yoast_head_json":{"title":"Quienes somos_equipo -","robots":{"index":"index","follow":"follow","max-snippet":"max-snippet:-1","max-image-preview":"max-image-preview:large","max-video-preview":"max-video-preview:-1"},"canonical":"https:\/\/gestionsostenible.cl\/index.php\/quienes-somos_equipo\/","og_locale":"es_ES","og_type":"article","og_title":"Quienes somos_equipo -","og_description":"QUIENES SOMOS Equipo Pedro Ampuero Ingeniero Comercial Universidad Austral de Chile, con a\u00f1os de experiencia en Gesti\u00f3n Estrat\u00e9gica y Finanzas en el sector p\u00fablico y en el sector privado, actualmente Magister en Pol\u00edticas Publicas de la Facultad de Econom\u00eda y Negocios de la Universidad de Chile. Manuel Acevedo Administrador P\u00fablico de la Universidad Central de [&hellip;]","og_url":"https:\/\/gestionsostenible.cl\/index.php\/quienes-somos_equipo\/","article_publisher":"https:\/\/www.facebook.com\/Sosteniblelab\/","article_modified_time":"2025-04-23T15:11:26+00:00","og_image":[{"url":"https:\/\/gestionsostenible.cl\/wp-content\/uploads\/2023\/06\/equipo-pa.png"}],"twitter_card":"summary_large_image","twitter_misc":{"Tiempo de lectura":"2 minutos"},"schema":{"@context":"https:\/\/schema.org","@graph":[{"@type":"WebPage","@id":"https:\/\/gestionsostenible.cl\/index.php\/quienes-somos_equipo\/","url":"https:\/\/gestionsostenible.cl\/index.php\/quienes-somos_equipo\/","name":"Quienes somos_equipo -","isPartOf":{"@id":"https:\/\/gestionsostenible.cl\/#website"},"datePublished":"2023-06-29T17:11:19+00:00","dateModified":"2025-04-23T15:11:26+00:00","breadcrumb":{"@id":"https:\/\/gestionsostenible.cl\/index.php\/quienes-somos_equipo\/#breadcrumb"},"inLanguage":"es","potentialAction":[{"@type":"ReadAction","target":["https:\/\/gestionsostenible.cl\/index.php\/quienes-somos_equipo\/"]}]},{"@type":"BreadcrumbList","@id":"https:\/\/gestionsostenible.cl\/index.php\/quienes-somos_equipo\/#breadcrumb","itemListElement":[{"@type":"ListItem","position":1,"name":"Portada","item":"https:\/\/gestionsostenible.cl\/"},{"@type":"ListItem","position":2,"name":"Quienes somos_equipo"}]},{"@type":"WebSite","@id":"https:\/\/gestionsostenible.cl\/#website","url":"https:\/\/gestionsostenible.cl\/","name":"Gesti\u00f3n Sostenible","description":"Grupo de Ingenieros con experiencia en el mundo P\u00fablico, Industrial, Ambiental y de la Innovaci\u00f3n.","publisher":{"@id":"https:\/\/gestionsostenible.cl\/#organization"},"potentialAction":[{"@type":"SearchAction","target":{"@type":"EntryPoint","urlTemplate":"https:\/\/gestionsostenible.cl\/?s={search_term_string}"},"query-input":"required name=search_term_string"}],"inLanguage":"es"},{"@type":"Organization","@id":"https:\/\/gestionsostenible.cl\/#organization","name":"Estrategias de Innovaci\u00f3n Ambiental y Social","url":"https:\/\/gestionsostenible.cl\/","logo":{"@type":"ImageObject","inLanguage":"es","@id":"https:\/\/gestionsostenible.cl\/#\/schema\/logo\/image\/","url":"https:\/\/gestionsostenible.cl\/wp-content\/uploads\/2023\/06\/cropped-logo-01-1.png","contentUrl":"https:\/\/gestionsostenible.cl\/wp-content\/uploads\/2023\/06\/cropped-logo-01-1.png","width":3999,"height":1255,"caption":"Estrategias de Innovaci\u00f3n Ambiental y Social"},"image":{"@id":"https:\/\/gestionsostenible.cl\/#\/schema\/logo\/image\/"},"sameAs":["https:\/\/www.facebook.com\/Sosteniblelab\/","http:\/\/comunidadymedioambiente.blogspot.com\/"]}]}},"_links":{"self":[{"href":"https:\/\/gestionsostenible.cl\/index.php\/wp-json\/wp\/v2\/pages\/60","targetHints":{"allow":["GET"]}}],"collection":[{"href":"https:\/\/gestionsostenible.cl\/index.php\/wp-json\/wp\/v2\/pages"}],"about":[{"href":"https:\/\/gestionsostenible.cl\/index.php\/wp-json\/wp\/v2\/types\/page"}],"author":[{"embeddable":true,"href":"https:\/\/gestionsostenible.cl\/index.php\/wp-json\/wp\/v2\/users\/1"}],"replies":[{"embeddable":true,"href":"https:\/\/gestionsostenible.cl\/index.php\/wp-json\/wp\/v2\/comments?post=60"}],"version-history":[{"count":59,"href":"https:\/\/gestionsostenible.cl\/index.php\/wp-json\/wp\/v2\/pages\/60\/revisions"}],"predecessor-version":[{"id":1224,"href":"https:\/\/gestionsostenible.cl\/index.php\/wp-json\/wp\/v2\/pages\/60\/revisions\/1224"}],"wp:attachment":[{"href":"https:\/\/gestionsostenible.cl\/index.php\/wp-json\/wp\/v2\/media?parent=60"}],"curies":[{"name":"wp","href":"https:\/\/api.w.org\/{rel}","templated":true}]}}